visor of 7 and y?
1
Let a be (-2)/(-4)*2/(-1). Let j = 2 - a. Let w be ((-32)/(-7))/8 - 4/(-84)*51. What is the greatest common factor of w and j?
3
Let o be 8*(-9)/(-6) + 2. Suppose -16*i + 340 = -5132. Suppose -11*p = -i - 120. Calculate the greatest common divisor of p and o.
14
Let s(d) = -152*d + 1576. Let b be s(10). Calculate the greatest common divisor of b and 343.
7
Suppose 0*q - 209505 = -37*q - 32645. What is the highest common divisor of 40 and q?
20
Suppose 150*k = 143*k + 7. Let o be ((-20)/(-12))/((k - -6)/378). What is the highest common factor of 90 and o?
90
Let u be -86 + 90 - -3*2. Calculate the highest common divisor of u and 125.
5
Let i(d) = -4*d + 44. Let m(v) = -6*v + 89. Let p(q) = 5*i(q) - 2*m(q). Let j be p(-6). Calculate the highest common divisor of 6 and j.
6
Let x be (-5 - 2 - (-4619)/651) + 47370/63. Calculate the highest common factor of 282 and x.
94
Let p = 3163 - 2931. What is the greatest common factor of 40 and p?
8
Let j = -13 - -37. Suppose -13*u = -9*u - j. Suppose 0 = -0*o - 6*o + u. Calculate the greatest common divisor of o and 4.
1
Let m be -1*(-19)/(-1)*-2. Suppose -157*w - 480 = -9429. What is the highest common factor of w and m?
19
Let j = -16 + 22. Suppose 42*l - 159 = 897 + 204. What is the highest common factor of j and l?
6
Let l(c) = 2*c**3 - 13*c**2 + 4*c + 17. Let w be l(6). Suppose 5*y - 5*m - 235 = 0, w*y - 66 = -3*m + 137. What is the greatest common divisor of y and 387?
43
Let x be (-5*(-8)/20)/1. Suppose -22 = -x*p - 10. Calculate the highest common factor of 168 and p.
6
Let a = 1476 + -1358. Calculate the greatest common factor of 2 and a.
2
Let n(u) = -8*u - 1. Suppose 5*c - 6 = -31. Let i be n(c). Suppose 3*o + s = i, 4*o = 3*s + 60 + 5. What is the greatest common factor of o and 56?
14
Let t be -8*(-3 + (-2058)/112). What is the greatest common factor of 1653 and t?
57
Let n(b) = 2*b**3 - b**2 - 3*b - 2. Let j be n(-1). Let d be ((-6)/(-12))/(-2*j/288). What is the highest common factor of d and 36?
36
Let z = -3261 - -5459. Suppose 0 = -2*d - c - 504 - 374, -4*c - z = 5*d. Let o = d + 870. Calculate the greatest common divisor of o and 48.
48
Let m = 443 + -443. Suppose -4*x + 176 = 4*c, m = 4*c - 25*x + 28*x - 172. Calculate the highest common divisor of 170 and c.
10
Suppose -5*d - m + 209 = 0, -4*d + 2*m + 93 + 91 = 0. What is the highest common divisor of 6579 and d?
43
Let h(a) = a**3 + 14*a**2 - 16*a - 9. Let x be h(-15). Suppose -195 = -5*p - n, 5*p - 3*n + 39 = 6*p. What is the highest common divisor of p and x?
3
Let o be (-34)/(((-14)/(-42))/((-2)/12)). Suppose -5 = 6*p - o. Let y be p/16 + 430/16. Calculate the greatest common factor of 27 and y.
27
Let i be 171838/1057 - (1/(-2) - (-75)/70). Suppose 5*w - g - 185 = -2*g, -4*w + 119 = -5*g. What is the highest common divisor of w and i?
18
Let a be 1664 + (14 - (-1 + 12) - (1 + 0)). What is the greatest common divisor of 34 and a?
34
Suppose 5*x - 262 + 22 = 0. Let m = x - 6. Let p(u) = 28*u**2 + 6*u - 10. Let s be p(4). What is the highest common divisor of m and s?
42
Suppose r = 4*r - 15, 2*f = -2*r + 58. Let w(q) = q + 48. Let x be w(12). What is the greatest common divisor of x and f?
12
Let y = -26 - -29. Suppose y = n - 6. Suppose 6*t = n*t - 54. Calculate the highest common divisor of 45 and t.
9
Suppose k + 210 = 209. Let b be 0 + (k + 0 - -3). What is the greatest common divisor of 11 and b?
1
Suppose -35*n = -106651 + 103711. Let y be 0/(-2) + (-56)/(-2). What is the greatest common divisor of n and y?
28
Let t be (12/16)/(2/216). Suppose 19032 = 78*p + 18330. Calculate the highest common divisor of t and p.
9
Let v = 13 - 22. Suppose 363 = -4*c + 351. Let h be 4/(-2) + 561*c/v. What is the highest common factor of h and 74?
37
Suppose 0*i + 54 = i. Suppose -4*g + 5*g - i = 0. Let a(q) = q**3 - 16*q**2 - 80*q + 6. Let u be a(20). What is the highest common factor of g and u?
6
Let m = 177 + -116. Suppose f = -5*w + 21, -10*f + m = -5*f + 3*w. Calculate the highest common factor of 154 and f.
11
Suppose -686 - 1373 = -15*m + 941. What is the highest common divisor of m and 220?
20
Suppose -16 - 20 = -2*g. Let s = 156 + -218. Let t = s + 68. What is the highest common factor of g and t?
6
Let d be (11/5 - 2)*(-38590)/(-2). What is the highest common divisor of 17 and d?
17
Let q(m) = m**3 + 22*m**2 + 81*m + 8. Let n be q(-15). Calculate the greatest common factor of n and 253.
23
Suppose -13 = -29*r + 190. Let j(b) = 2*b**2 - 11*b - 2. Let x be j(9). Suppose x = r*i - 65. What is the highest common factor of i and 126?
18
Let n(g) = 7*g**2 - 6*g + 5. Let z be n(-5). Let c = 242 - z. What is the highest common factor of 48 and c?
16
Suppose -40*m + 79*m = -34*m + 202502. What is the greatest common divisor of m and 38?
38
Let s(t) = 154*t - 415. Let b be s(3). Calculate the greatest common factor of b and 13207.
47
Suppose 5*k = -r + 203 + 1510, 5*r + 327 = k. Suppose 5*l + 5152 = 2*b + 4975, 4*l = -4*b + 284. Calculate the greatest common factor of b and k.
38
Let j = 581 + -71. Let r(w) = 5*w**3 - 4*w**2 + 4*w - 2. Let o be r(2). Calculate the greatest common factor of o and j.
30
Let n be 12/10*(-60)/(-9). Let o be (n/(-6))/(2/(-18)). Suppose -29 = -d + l + 2, -2*d - 3*l = -87. Calculate the highest common factor of d and o.
12
Let x(z) = -z - 4 + 67*z**2 + 13*z**3 + 2 - 66*z**2. Let i(l) = -l**3. Let j(k) = 4*i(k) + x(k). Let o be j(2). What is the greatest common divisor of 48 and o?
24
Let h be ((-6)/14)/1 + (-42375)/(-875) + 38. Let g be (-1)/(-5) + 38/10. Calculate the greatest common factor of h and g.
2
Let p(f) = -2*f + 161. Let x be p(0). Let a = -3118 - -3141. What is the greatest common factor of x and a?
23
Let f be -1 + 3 - (0 + -11). Let a = -20091 - -20117. Calculate the highest common factor of f and a.
13
Let p(u) = 2*u**3 + 73*u**2 + 27*u - 120. Let o be p(-36). What is the highest common factor of o and 132?
12
Let a be (-3)/(678/(-224) - -3). Suppose -7*b + 4*y + 2 = -6*b, 2*b = 3*y - 16. Let x be 40*6/(-5)*b/42. What is the greatest common divisor of a and x?
16
Let g = 129 - 126. Suppose -2*l + 0*s - 2*s = -148, -238 = -g*l + s. Calculate the greatest common factor of 130 and l.
26
Let x be 62 + (0/11 - (1 + 0)). Let f = 67 - x. Let r be (-342)/(-8) - 24/32. What is the greatest common factor of r and f?
6
Let j(c) = -4*c + 22. Let u be j(5). Suppose 3*n = -w + 5, -w = u*n - 17 + 9. Calculate the highest common factor of 35 and w.
7
Let t be 840/45*(-108)/(-42). Calculate the greatest common divisor of t and 352.
16
Suppose -6198 + 1206 = -96*w. What is the highest common factor of 247 and w?
13
Let x(j) = -2*j + 16. Let k be x(7). Suppose -k*z = z - 21. Suppose -z*d + 118 = -50. What is the greatest common factor of 12 and d?
12
Suppose 0 = 690*q - 678*q - 132. What is the highest common divisor of q and 10835?
11
Let q(d) = d**2 - 6*d + 2. Let s be q(8). Suppose 29*p - 37170 = -6*p. Calculate the greatest common factor of p and s.
18
Suppose 117*j - 112*j = 45. Let s(f) = -f**3 + 10*f**2 + 21. Let h be s(j). What is the highest common factor of h and 51?
51
Suppose 0 = 3*d - 5*d + 50. Let p = d - 24. Let u(c) = c**2 + 39*c + 110. Let l be u(-36). What is the greatest common factor of l and p?
1
Suppose -34606 = -41*u - 1560*u - 20541 + 107611. Suppose 2*c - 326 = 4*g, -3*c + 5*g - 362 = -5*c. Calculate the highest common divisor of c and u.
19
Let d be (-24)/72*-3*10. Let i = -5 - -4. Let p be (-90)/(-3)*(4 + i). What is the greatest common divisor of p and d?
10
Let j = -2195 + 2289. What is the highest common factor of 4 and j?
2
Let g = 307 - -50. Let x(w) = -2*w**3 + 31*w**2 - 102*w + 1326. Let b be x(15). Calculate the greatest common divisor of b and g.
21
Suppose -233*b + 25*b + 1040 = 0. Calculate the highest common divisor of b and 6190.
5
Let u = 108 - 100. Suppose u*a - 2600 = -232. Calculate the greatest common divisor of 37 and a.
37
Suppose -7130 = 109*i - 189*i - 2490. What is the greatest common divisor of 3886 and i?
58
Let b be 6*(-12)/(-27)*-3. Let f = 6 + b. Let p(h) = 18*h**2 - 4*h. Let s be p(f). Calculate the highest common factor of s and 200.
40
Suppose -f - 68*b + 67*b = -60, 0 = -3*f - 5*b + 184. Calculate the greatest common divisor of 2987 and f